se 8
-4535
-15d2 (base 15) to base 10
-4697
-214 (base 14) to base 5
-3120
Convert 31232 (base 4) to base 10.
878
What is 237 (base 9) in base 3?
21021
-2b6 (base 15) to base 7
-1545
114c (base 16) to base 2
1000101001100
Convert -787 (base 10) to base 3.
-1002011
Convert 1045 (base 8) to base 6.
2313
What is -b16 (base 12) in base 3?
-2012100
-3643 (base 11) to base 13
-2228
Convert -10110011 (base 3) to base 6.
-15351
-1b52 (base 13) to base 6
-31031
What is -1110000001 (base 2) in base 15?
-3ec
Convert 122120 (base 3) to base 2.
111011010
-1133231 (base 4) to base 2
-1011111101101
Convert -40643 (base 7) to base 11.
-7507
Convert -3588 (base 15) to base 8.
-26162
What is -11012310 (base 4) in base 5?
-1132131
Convert 3a2 (base 12) to base 3.
202112
Convert 72b (base 13) to base 5.
14340
What is -12002102 (base 3) in base 4?
-321332
-2364 (base 8) to base 16
-4f4
What is 1857 (base 15) in base 6?
40201
Convert 10c63 (base 13) to base 15.
914a
-4e36 (base 15) to base 9
-24816
Convert 14a8 (base 16) to base 8.
12250
Convert -43c (base 15) to base 9.
-1273
What is -3b9 (base 12) in base 7?
-1446
-2104 (base 5) to base 4
-10113
-1137a (base 14) to base 9
-63366
Convert -112020 (base 3) to base 8.
-600
Convert 7427 (base 8) to base 13.
19b2
Convert -4021 (base 13) to base 15.
-292a
1111221201 (base 3) to base 16
749e
Convert -24300 (base 5) to base 9.
-2447
Convert 6846 (base 9) to base 15.
1779
What is 11a6 (base 15) in base 14?
1524
What is 24522 (base 6) in base 13?
187a
8873 (base 15) to base 4
13003230
Convert 4000 (base 6) to base 13.
516
What is -11213 (base 4) in base 8?
-547
103 (base 13) to base 11
147
-5535 (base 7) to base 10
-1986
What is 2515 (base 16) in base 7?
36451
What is -5422 (base 6) in base 5?
-14423
Convert -96ad (base 15) to base 9.
-47661
Convert -c19 (base 15) to base 16.
-aa4
Convert -974 (base 14) to base 4.
-131022
150342 (base 6) to base 16
3836
-25976 (base 10) to base 13
-ba92
What is -396 (base 14) in base 10?
-720
Convert 1258 (base 15) to base 2.
111101000100
What is -2008 (base 9) in base 7?
-4163
What is -676 (base 8) in base 7?
-1205
Convert d342 (base 16) to base 13.
1b802
-1134443 (base 5) to base 10
-21248
What is -122 (base 4) in base 6?
-42
111101001101 (base 2) to base 3
12101002
What is -122220201 (base 3) in base 11?
-98a3
Convert -11401 (base 5) to base 7.
-2324
Convert -11100111101000 (base 2) to base 12.
-86b4
234110 (base 5) to base 2
10000111001111
-104234 (base 8) to base 13
-12bc2
-1360 (base 11) to base 4
-123200
-1147 (base 8) to base 11
-50a
What is -3a35 (base 13) in base 7?
-33162
Convert -222120 (base 3) to base 7.
-2043
What is -4009 (base 11) in base 12?
-3105
Convert -120333 (base 4) to base 10.
-1599
Convert -1000001111 (base 2) to base 3.
-201112
Convert 3687 (base 13) to base 6.
55420
What is 6f5 (base 16) in base 7?
5123
What is -1210 (base 3) in base 12?
-40
20211 (base 4) to base 10
549
1532 (base 8) to base 9
1153
52052 (base 6) to base 7
26150
Convert -1664 (base 8) to base 5.
-12243
2404 (base 5) to base 16
162
What is -2cb3 (base 15) in base 16?
-2592
1210 (base 3) to base 9
53
Convert 4695 (base 11) to base 9.
8387
647 (base 10) to base 12
45b
6714 (base 12) to base 4
2302000
What is -4001 (base 5) in base 10?
-501
21a1 (base 12) to base 9
5084
1111000101000000 (base 2) to base 6
1153532
What is 10121001020 (base 3) in base 2?
10001010001011010
Convert 255 (base 7) to base 14.
9c
-2d0c (base 14) to base 9
-12032
Convert -100a (base 11) to base 16.
-53d
What is 32221 (base 5) in base 3?
2222222
Convert -220220 (base 3) to base 2.
-1010100000
Convert 112021 (base 6) to base 2.
10010100101101
What is 3132102 (base 4) in base 5?
423401
What is -4502 (base 8) in base 3?
-10020210
313 (base 16) to base 11
656
Convert -779 (base 15) to base 16.
-699
What is 574 (base 10) in base 15?
284
Convert 2020111 (base 3) to base 2.
11001100001
What is -4028 (base 15) in base 16?
-34e2
11e1d (base 15) to base 3
2220102201
What is -2211010 (base 3) in base 16?
-807
-53 (base 6) to base 12
-29
What is 1b03 (base 15) in base 4?
1123131
Convert 62d (base 15) to base 2.
10101110001
67c (base 14) to base 10
1286
-200144 (base 5) to base 15
-1cee
What is 334 (base 11) in base 10?
400
What is -103 (base 5) in base 15?
-1d
What is -695 (base 14) in base 8?
-2433
-113301 (base 4) to base 8
-2761
Convert ea99 (base 15) to base 16.
c1ec
Convert -10011100 (base 2) to base 14.
-b2
-10402 (base 5) to base 8
-1327
What is 541 (base 8) in base 3?
111002
-2032333 (base 4) to base 5
-243101
What is 437b (base 13) in base 7?
36253
What is 212000001 (base 3) in base 15?
4e7d
What is 4212 (base 8) in base 10?
2186
What is -10101101 (base 2) in base 15?
-b8
What is -50 (base 13) in base 11?
-5a
What is 10000011100110 (base 2) in base 12?
4a5a
What is 366 (base 14) in base 6?
3050
What is -17fd (base 16) in base 11?
-4683
What is -13024 (base 5) in base 9?
-1346
Convert 2113 (base 7) to base 5.
10440
What is -13023203 (base 4) in base 3?
-1111100022
What is 22735 (base 10) in base 12?
111a7
What is -3133101 (base 4) in base 10?
-14289
-11242 (base 5) to base 10
-822
Convert 2c1 (base 14) to base 4.
20301
-59d (base 15) to base 5
-20043
What is -10010233 (base 4) in base 3?
-211220001
-56 (base 8) to base 4
-232
What is -13895 (base 12) in base 2?
-110101000110001
What is 44678 (base 10) in base 16?
ae86
Convert 1835b (base 13) to base 14.
13052
What is 987 (base 11) in base 7?
3311
-1224542 (base 6) to base 16
-1014e
Convert 22312 (base 6) to base 15.
de5
Convert 48831 (base 10) to base 13.
192c3
Convert 2398 (base 11) to base 8.
6074
What is 2435 (base 9) in base 4?
130112
Convert -11100100011011 (base 2) to base 8.
-34433
What is 2042 (base 9) in base 2?
10111011000
What is -2a2 (base 12) in base 14?
-214
139 (base 11) to base 13
c7
-20145 (base 7) to base 3
-20200220
What is 112121 (base 3) in base 15?
1b4
What is -102232 (base 7) in base 14?
-65c2
113031 (base 4) to base 14
781
What is 7b7 (base 15) in base 2?
11011010011
What is -15353 (base 8) in base 13?
-31a1
Convert 104120 (base 6) to base 9.
12823
What is 5cc (base 13) in base 11?
841
Convert -153a5 (base 12) to base 9.
-45048
Convert -2022 (base 4) to base 5.
-1023
What is -1001110000 (base 2) in base 15?
-2b9
111 (base 13) to base 16
b7
What is 327 (base 9) in base 12?
1a4
Convert 221012102 (base 3) to base 12.
a76b
What is bc9 (base 13) in base 8?
3750
What is 211011 (base 4) in base 16?
945
Convert -367 (base 12) to base 9.
-627
Convert 123 (base 13) to base 16.
c6
What is -7aa (base 11) in base 3?
-1022211
Convert -13 (base 10) to base 15.
-d
Convert -461 (base 11) to base 12.
-39b
What is 23224 (base 6) in base 9?
4507
What is 10110000111 (base 2) in base 13?
84b
What is -165 (base 14) in base 5?
-2120
What is 10330023 (base 4) in base 8?
47413
What is 449a (base 14) in base 11?
8a35
What is 231002 (base 4) in base 9?
3852
1168 (base 13) to base 10
2452
-4201 (base 9) to base 10
-3079
What is -542 (base 13) in base 9?
-1208
What is 7d02 (base 16) in base 11?
22053
10686 (base 10) to base 3
112122210
-26006 (base 8) to base 4
-2300012
What is -202013 (base 5) in base 8?
-14554
What is -2022312 (base 4) in base 15?
-2976
Convert 102212 (base 7) to base 16.
44c0
Convert -292 (base 14) to base 15.
-24a
-3011 (base 5) to base 9
-463
10000110101 (base 2) to base 14
56d
What is -6181 (base 10) in base 9?
-8427
What is 613 (base 13) in base 7?
3001
-637 (base 15) to base 11
-1065
What is 279 (base 15) in base 11?
473
4153 (base 6) to base 16
3a5
-12101 (base 5) to base 9
-1211
What is -2255 (base 6) in base 8?
-1033
What is 365 (base 7) in base 16?
c2
Convert 244 (base 9) to base 14.
106
Convert -3230 (base 5) to base 12.
-308
Convert -325 (base 8) to base 14.
-113
Convert 135 (base 8) to base 15.
63
What is 3426 (base 13) in base 15?
2269
What is -1103 (base 8) in base 12?
-403
Convert 11010010010 (base 2) to base 11.
129a
-2a15 (base 13) to base 4
-1133112
Convert 25131 (base 7) to base 13.
2cca
-807 (base 11) to base 14
-4d9
Convert -10011010 (base 2) to base 9.
-181
-31131 (base 5) to base 12
-1221
Convert -15624 (base 12) to base 15.
-8e7d
What is -115464 (base 7) in base 11?
-149a1
Convert -92 (base 13) to base 4.
-1313
-2111 (base 10) to base 11